{"id":489,"date":"2017-11-30T11:02:47","date_gmt":"2017-11-30T10:02:47","guid":{"rendered":"http:\/\/www.montmirat.fr\/?page_id=489"},"modified":"2017-12-04T20:26:12","modified_gmt":"2017-12-04T19:26:12","slug":"ants","status":"publish","type":"page","link":"https:\/\/www.montmirat.fr\/index.php\/ants\/","title":{"rendered":"Agence Nationale des Titres S\u00e9curis\u00e9s"},"content":{"rendered":"<p>L&rsquo;Agence Nationale des Titres S\u00e9curis\u00e9s (ANTS) vous permet d&rsquo;effectuer des d\u00e9marches en ligne pour faire les demandes de carte d&rsquo;identit\u00e9, de passeport, de permis de conduire et de certificat d&rsquo;immatriculation.<\/p>\n<hr \/>\n<p><a href=\"http:\/\/www.montmirat.fr\/wp-content\/uploads\/2017\/11\/DemarchesEnLigne.pdf\" target=\"_blank\" rel=\"noopener\"><img loading=\"lazy\" decoding=\"async\" class=\"alignnone size-full wp-image-416\" src=\"http:\/\/www.montmirat.fr\/wp-content\/uploads\/2017\/10\/icone_pdf.png\" alt=\"\" width=\"16\" height=\"16\" \/><\/a>\u00a0 \u00ab\u00a0Vos d\u00e9marches \u00e0 port\u00e9e de clic\u00a0\u00bb (Pour en savoir plus)<\/p>\n<hr \/>\n<p><a href=\"https:\/\/passeport.ants.gouv.fr\/\" target=\"_blank\" rel=\"noopener\"><img loading=\"lazy\" decoding=\"async\" class=\"alignnone wp-image-513 size-full\" src=\"http:\/\/www.montmirat.fr\/wp-content\/uploads\/2017\/12\/acces.png\" alt=\"\" width=\"66\" height=\"27\" \/><\/a>\u00a0 Carte identit\u00e9 (CNI)<\/p>\n<hr \/>\n<p><a href=\"https:\/\/passeport.ants.gouv.fr\/\" target=\"_blank\" rel=\"noopener\"><img loading=\"lazy\" decoding=\"async\" class=\"alignnone wp-image-513 size-full\" src=\"http:\/\/www.montmirat.fr\/wp-content\/uploads\/2017\/12\/acces.png\" alt=\"\" width=\"66\" height=\"27\" \/><\/a>\u00a0 Passeport<\/p>\n<hr \/>\n<p><a href=\"https:\/\/permisdeconduire.ants.gouv.fr\/\" target=\"_blank\" rel=\"noopener\"><img loading=\"lazy\" decoding=\"async\" class=\"alignnone wp-image-513 size-full\" src=\"http:\/\/www.montmirat.fr\/wp-content\/uploads\/2017\/12\/acces.png\" alt=\"\" width=\"66\" height=\"27\" \/><\/a>\u00a0 Permis de conduire<\/p>\n<hr \/>\n<p><a href=\"https:\/\/immatriculation.ants.gouv.fr\/\" target=\"_blank\" rel=\"noopener\"><img loading=\"lazy\" decoding=\"async\" class=\"alignnone wp-image-513 size-full\" src=\"http:\/\/www.montmirat.fr\/wp-content\/uploads\/2017\/12\/acces.png\" alt=\"\" width=\"66\" height=\"27\" \/><\/a>\u00a0 Certificat d&rsquo;immatriculation<\/p>\n<hr \/>\n<p>&nbsp;<\/p>\n","protected":false},"excerpt":{"rendered":"<p>L&rsquo;Agence Nationale des Titres S\u00e9curis\u00e9s (ANTS) vous permet d&rsquo;effectuer des d\u00e9marches en ligne pour faire les demandes de carte d&rsquo;identit\u00e9, de passeport, de permis de conduire et de certificat d&rsquo;immatriculation. \u00a0 \u00ab\u00a0Vos d\u00e9marches \u00e0 port\u00e9e de clic\u00a0\u00bb (Pour en savoir<span class=\"ellipsis\">&hellip;<\/span><\/p>\n<div class=\"read-more\"><a href=\"https:\/\/www.montmirat.fr\/index.php\/ants\/\">Lire la suite <span class=\"screen-reader-text\">Agence Nationale des Titres S\u00e9curis\u00e9s<\/span><span class=\"meta-nav\"> &#8250;<\/span><\/a><\/div>\n<p><!-- end of .read-more --><\/p>\n","protected":false},"author":4,"featured_media":0,"parent":0,"menu_order":0,"comment_status":"closed","ping_status":"closed","template":"","meta":{"_price":"","_stock":"","_tribe_ticket_header":"","_tribe_default_ticket_provider":"","_tribe_ticket_capacity":"0","_ticket_start_date":"","_ticket_end_date":"","_tribe_ticket_show_description":"","_tribe_ticket_show_not_going":false,"_tribe_ticket_use_global_stock":"","_tribe_ticket_global_stock_level":"","_global_stock_mode":"","_global_stock_cap":"","_tribe_rsvp_for_event":"","_tribe_ticket_going_count":"","_tribe_ticket_not_going_count":"","_tribe_tickets_list":"[]","_tribe_ticket_has_attendee_info_fields":false,"footnotes":"","_tec_slr_enabled":"","_tec_slr_layout":""},"class_list":["post-489","page","type-page","status-publish","hentry"],"ticketed":false,"_links":{"self":[{"href":"https:\/\/www.montmirat.fr\/index.php\/wp-json\/wp\/v2\/pages\/489","targetHints":{"allow":["GET"]}}],"collection":[{"href":"https:\/\/www.montmirat.fr\/index.php\/wp-json\/wp\/v2\/pages"}],"about":[{"href":"https:\/\/www.montmirat.fr\/index.php\/wp-json\/wp\/v2\/types\/page"}],"author":[{"embeddable":true,"href":"https:\/\/www.montmirat.fr\/index.php\/wp-json\/wp\/v2\/users\/4"}],"replies":[{"embeddable":true,"href":"https:\/\/www.montmirat.fr\/index.php\/wp-json\/wp\/v2\/comments?post=489"}],"version-history":[{"count":21,"href":"https:\/\/www.montmirat.fr\/index.php\/wp-json\/wp\/v2\/pages\/489\/revisions"}],"predecessor-version":[{"id":516,"href":"https:\/\/www.montmirat.fr\/index.php\/wp-json\/wp\/v2\/pages\/489\/revisions\/516"}],"wp:attachment":[{"href":"https:\/\/www.montmirat.fr\/index.php\/wp-json\/wp\/v2\/media?parent=489"}],"curies":[{"name":"wp","href":"https:\/\/api.w.org\/{rel}","templated":true}]}}