{"id":300,"date":"2017-10-19T21:27:27","date_gmt":"2017-10-19T19:27:27","guid":{"rendered":"http:\/\/www.montmirat.fr\/?page_id=300"},"modified":"2021-01-26T08:42:51","modified_gmt":"2021-01-26T07:42:51","slug":"commissions","status":"publish","type":"page","link":"https:\/\/www.montmirat.fr\/index.php\/commissions\/","title":{"rendered":"Commissions"},"content":{"rendered":"<table width=\"229\">\n<tbody>\n<tr>\n<td colspan=\"2\" width=\"229\">\n<h3>Commission urbanisme<\/h3>\n<\/td>\n<\/tr>\n<\/tbody>\n<\/table>\n<table style=\"height: 350px; width: 450px;\">\n<tbody>\n<tr>\n<td style=\"width: 70px;\">Monsieur<\/td>\n<td style=\"width: 208px;\">Fran\u00e7ois GRANIER<\/td>\n<td style=\"width: 17px;\"><\/td>\n<td style=\"width: 127px;\">Maire<\/td>\n<\/tr>\n<tr>\n<td style=\"width: 70px;\">Madame<\/td>\n<td style=\"width: 208px;\">Sylvie FEUILLADE<\/td>\n<td style=\"width: 17px;\"><\/td>\n<td style=\"width: 127px;\">1er adjoint<\/td>\n<\/tr>\n<tr>\n<td style=\"width: 70px;\">Monsieur<\/td>\n<td style=\"width: 208px;\">Olivier PLANARD<\/td>\n<td style=\"width: 17px;\"><\/td>\n<td style=\"width: 127px;\">2\u00e8me adjoint<\/td>\n<\/tr>\n<tr>\n<td style=\"width: 70px;\">Madame<\/td>\n<td style=\"width: 208px;\">Pascale GERVAIS<\/td>\n<td style=\"width: 17px;\"><\/td>\n<td style=\"width: 127px;\">3\u00e8me adjoint<\/td>\n<\/tr>\n<tr>\n<td style=\"width: 70px;\">Madame<\/td>\n<td style=\"width: 208px;\">Sandrine HOLOYE<\/td>\n<td style=\"width: 17px;\"><\/td>\n<td style=\"width: 127px;\">CM<\/td>\n<\/tr>\n<tr>\n<td style=\"width: 70px;\">Madame<\/td>\n<td style=\"width: 208px;\">Marie-Anne MANDET<\/td>\n<td style=\"width: 17px;\"><\/td>\n<td style=\"width: 127px;\">CM<\/td>\n<\/tr>\n<tr>\n<td style=\"width: 70px;\">Madame<\/td>\n<td style=\"width: 208px;\">Mireille TOURAILLES<\/td>\n<td style=\"width: 17px;\"><\/td>\n<td style=\"width: 127px;\">CM<\/td>\n<\/tr>\n<tr>\n<td style=\"width: 70px;\">Monsieur<\/td>\n<td style=\"width: 208px;\">Hugues ALORY<\/td>\n<td style=\"width: 17px;\"><\/td>\n<td style=\"width: 127px;\">CM<\/td>\n<\/tr>\n<tr>\n<td style=\"width: 70px;\">Monsieur<\/td>\n<td style=\"width: 208px;\">Pierre GERMAIN<\/td>\n<td style=\"width: 17px;\"><\/td>\n<td style=\"width: 127px;\">CM<\/td>\n<\/tr>\n<tr>\n<td style=\"width: 70px;\">Monsieur<\/td>\n<td style=\"width: 208px;\">Guillaume PIC<\/td>\n<td style=\"width: 17px;\"><\/td>\n<td style=\"width: 127px;\">\u00a0CM<\/td>\n<\/tr>\n<tr>\n<td style=\"width: 70px;\">Monsieur<\/td>\n<td style=\"width: 208px;\">Sylvain REILLE<\/td>\n<td style=\"width: 17px;\"><\/td>\n<td style=\"width: 127px;\">CM<\/td>\n<\/tr>\n<\/tbody>\n<\/table>\n<table width=\"229\">\n<tbody>\n<tr>\n<td colspan=\"2\" width=\"229\">\n<h3>Commission Festivit\u00e9s<\/h3>\n<\/td>\n<\/tr>\n<\/tbody>\n<\/table>\n<table style=\"height: 268px; width: 450px;\">\n<tbody>\n<tr style=\"height: 26px;\">\n<td style=\"width: 75px; height: 26px;\">Monsieur<\/td>\n<td style=\"width: 212px; height: 26px;\">Fran\u00e7ois GRANIER<\/td>\n<td style=\"width: 10px; height: 26px;\"><\/td>\n<td style=\"width: 125px; height: 26px;\">Maire<\/td>\n<\/tr>\n<tr style=\"height: 26px;\">\n<td style=\"width: 75px; height: 26px;\">Madame<\/td>\n<td style=\"width: 212px; height: 26px;\">Pascale GERVAIS<\/td>\n<td style=\"width: 10px; height: 26px;\"><\/td>\n<td style=\"width: 125px; height: 26px;\">3\u00e8me adjoint<\/td>\n<\/tr>\n<tr style=\"height: 27px;\">\n<td style=\"width: 75px; height: 27px;\">Madame<\/td>\n<td style=\"width: 212px; height: 27px;\">Marie-Anne MANDET<\/td>\n<td style=\"width: 10px; height: 27px;\"><\/td>\n<td style=\"width: 125px; height: 27px;\">CM<\/td>\n<\/tr>\n<tr style=\"height: 27px;\">\n<td style=\"width: 75px; height: 27px;\">Monsieur<\/td>\n<td style=\"width: 212px; height: 27px;\">Pierre GERMAIN<\/td>\n<td style=\"width: 10px; height: 27px;\"><\/td>\n<td style=\"width: 125px; height: 27px;\">CM<\/td>\n<\/tr>\n<tr style=\"height: 27px;\">\n<td style=\"width: 75px; height: 27px;\">Monsieur<\/td>\n<td style=\"width: 212px; height: 27px;\">Sylvain REILLE<\/td>\n<td style=\"width: 10px; height: 27px;\"><\/td>\n<td style=\"width: 125px; height: 27px;\">CM<\/td>\n<\/tr>\n<tr style=\"height: 27px;\">\n<td style=\"width: 75px; height: 27px;\"><\/td>\n<td style=\"width: 212px; height: 27px;\"><\/td>\n<td style=\"width: 10px; height: 27px;\"><\/td>\n<td style=\"width: 125px; height: 27px;\"><\/td>\n<\/tr>\n<tr style=\"height: 27px;\">\n<td style=\"width: 75px; height: 27px;\"><\/td>\n<td style=\"width: 212px; height: 27px;\"><\/td>\n<td style=\"width: 10px; height: 27px;\"><\/td>\n<td style=\"width: 125px; height: 27px;\"><\/td>\n<\/tr>\n<tr style=\"height: 27px;\">\n<td style=\"width: 75px; height: 27px;\"><\/td>\n<td style=\"width: 212px; height: 27px;\"><\/td>\n<td style=\"width: 10px; height: 27px;\"><\/td>\n<td style=\"width: 125px; height: 27px;\"><\/td>\n<\/tr>\n<tr style=\"height: 27px;\">\n<td style=\"width: 75px; height: 27px;\"><\/td>\n<td style=\"width: 212px; height: 27px;\"><\/td>\n<td style=\"width: 10px; height: 27px;\"><\/td>\n<td style=\"width: 125px; height: 27px;\"><\/td>\n<\/tr>\n<tr style=\"height: 27px;\">\n<td style=\"width: 75px; height: 27px;\"><\/td>\n<td style=\"width: 212px; height: 27px;\"><\/td>\n<td style=\"width: 10px; height: 27px;\"><\/td>\n<td style=\"width: 125px; height: 27px;\"><\/td>\n<\/tr>\n<\/tbody>\n<\/table>\n<table width=\"229\">\n<tbody>\n<tr>\n<td colspan=\"2\" width=\"229\">\n<h3>Commission Finances<\/h3>\n<\/td>\n<\/tr>\n<\/tbody>\n<\/table>\n<table style=\"height: 191px; width: 450px;\">\n<tbody>\n<tr>\n<td style=\"width: 85px;\">Monsieur<\/td>\n<td style=\"width: 204.45px;\">Fran\u00e7ois GRANIER<\/td>\n<td style=\"width: 10px;\"><\/td>\n<td style=\"width: 125px;\">Maire<\/td>\n<\/tr>\n<tr>\n<td style=\"width: 85px;\">Madame<\/td>\n<td style=\"width: 204.45px;\">Sylvie FEUILLADE<\/td>\n<td style=\"width: 10px;\"><\/td>\n<td style=\"width: 125px;\">1er adjoint<\/td>\n<\/tr>\n<tr>\n<td style=\"width: 85px;\">Monsieur<\/td>\n<td style=\"width: 204.45px;\">Olivier PLANARD<\/td>\n<td style=\"width: 10px;\"><\/td>\n<td style=\"width: 125px;\">2\u00e8me adjoint<\/td>\n<\/tr>\n<tr>\n<td style=\"width: 85px;\">Madame<\/td>\n<td style=\"width: 204.45px;\">Pascale GERVAIS<\/td>\n<td style=\"width: 10px;\"><\/td>\n<td style=\"width: 125px;\">3\u00e8me adjoint<\/td>\n<\/tr>\n<tr>\n<td style=\"width: 85px;\">Madame<\/td>\n<td style=\"width: 204.45px;\">Sandrine HOLOYE<\/td>\n<td style=\"width: 10px;\"><\/td>\n<td style=\"width: 125px;\">CM<\/td>\n<\/tr>\n<\/tbody>\n<\/table>\n<table style=\"width: 290.8px;\">\n<tbody>\n<tr>\n<td style=\"width: 20px;\" colspan=\"2\">\n<h3>Commission Communication<\/h3>\n<\/td>\n<\/tr>\n<\/tbody>\n<\/table>\n<table style=\"height: 227px; width: 450px;\">\n<tbody>\n<tr>\n<td style=\"width: 77px;\">Monsieur<\/td>\n<td style=\"width: 212px;\">Fran\u00e7ois GRANIER<\/td>\n<td style=\"width: 10px;\"><\/td>\n<td style=\"width: 127px;\">Maire<\/td>\n<\/tr>\n<tr>\n<td style=\"width: 77px;\">Madame<\/td>\n<td style=\"width: 212px;\">Sylvie FEUILLADE<\/td>\n<td style=\"width: 10px;\"><\/td>\n<td style=\"width: 127px;\">1er adjoint<\/td>\n<\/tr>\n<tr>\n<td style=\"width: 77px;\">Madame<\/td>\n<td style=\"width: 212px;\">Pascale GERVAIS<\/td>\n<td style=\"width: 10px;\"><\/td>\n<td style=\"width: 127px;\">3\u00e8me adjoint<\/td>\n<\/tr>\n<tr>\n<td style=\"width: 77px;\">Madame<\/td>\n<td style=\"width: 212px;\">Sandrine HOLOYE<\/td>\n<td style=\"width: 10px;\"><\/td>\n<td style=\"width: 127px;\">CM<\/td>\n<\/tr>\n<tr>\n<td style=\"width: 77px;\">Madame<\/td>\n<td style=\"width: 212px;\">Marie-Anne MANDET<\/td>\n<td style=\"width: 10px;\"><\/td>\n<td style=\"width: 127px;\">CM<\/td>\n<\/tr>\n<tr>\n<td style=\"width: 77px;\"><\/td>\n<td style=\"width: 212px;\"><\/td>\n<td style=\"width: 10px;\"><\/td>\n<td style=\"width: 127px;\"><\/td>\n<\/tr>\n<tr>\n<td style=\"width: 77px;\"><\/td>\n<td style=\"width: 212px;\"><\/td>\n<td style=\"width: 10px;\"><\/td>\n<td style=\"width: 127px;\"><\/td>\n<\/tr>\n<\/tbody>\n<\/table>\n","protected":false},"excerpt":{"rendered":"<p>Commission urbanisme Monsieur Fran\u00e7ois GRANIER Maire Madame Sylvie FEUILLADE 1er adjoint Monsieur Olivier PLANARD 2\u00e8me adjoint Madame Pascale GERVAIS 3\u00e8me adjoint Madame Sandrine HOLOYE CM Madame Marie-Anne MANDET CM Madame Mireille TOURAILLES CM Monsieur Hugues ALORY CM Monsieur Pierre GERMAIN<span class=\"ellipsis\">&hellip;<\/span><\/p>\n<div class=\"read-more\"><a href=\"https:\/\/www.montmirat.fr\/index.php\/commissions\/\">Lire la suite <span class=\"screen-reader-text\">Commissions<\/span><span class=\"meta-nav\"> &#8250;<\/span><\/a><\/div>\n<p><!-- end of .read-more --><\/p>\n","protected":false},"author":1,"featured_media":0,"parent":0,"menu_order":0,"comment_status":"closed","ping_status":"closed","template":"","meta":{"_price":"","_stock":"","_tribe_ticket_header":"","_tribe_default_ticket_provider":"","_tribe_ticket_capacity":"0","_ticket_start_date":"","_ticket_end_date":"","_tribe_ticket_show_description":"","_tribe_ticket_show_not_going":false,"_tribe_ticket_use_global_stock":"","_tribe_ticket_global_stock_level":"","_global_stock_mode":"","_global_stock_cap":"","_tribe_rsvp_for_event":"","_tribe_ticket_going_count":"","_tribe_ticket_not_going_count":"","_tribe_tickets_list":"[]","_tribe_ticket_has_attendee_info_fields":false,"footnotes":"","_tec_slr_enabled":"","_tec_slr_layout":""},"class_list":["post-300","page","type-page","status-publish","hentry"],"ticketed":false,"_links":{"self":[{"href":"https:\/\/www.montmirat.fr\/index.php\/wp-json\/wp\/v2\/pages\/300","targetHints":{"allow":["GET"]}}],"collection":[{"href":"https:\/\/www.montmirat.fr\/index.php\/wp-json\/wp\/v2\/pages"}],"about":[{"href":"https:\/\/www.montmirat.fr\/index.php\/wp-json\/wp\/v2\/types\/page"}],"author":[{"embeddable":true,"href":"https:\/\/www.montmirat.fr\/index.php\/wp-json\/wp\/v2\/users\/1"}],"replies":[{"embeddable":true,"href":"https:\/\/www.montmirat.fr\/index.php\/wp-json\/wp\/v2\/comments?post=300"}],"version-history":[{"count":11,"href":"https:\/\/www.montmirat.fr\/index.php\/wp-json\/wp\/v2\/pages\/300\/revisions"}],"predecessor-version":[{"id":1257,"href":"https:\/\/www.montmirat.fr\/index.php\/wp-json\/wp\/v2\/pages\/300\/revisions\/1257"}],"wp:attachment":[{"href":"https:\/\/www.montmirat.fr\/index.php\/wp-json\/wp\/v2\/media?parent=300"}],"curies":[{"name":"wp","href":"https:\/\/api.w.org\/{rel}","templated":true}]}}