{"id":235,"date":"2017-10-19T13:37:41","date_gmt":"2017-10-19T11:37:41","guid":{"rendered":"http:\/\/www.montmirat.fr\/?page_id=235"},"modified":"2026-04-29T14:14:47","modified_gmt":"2026-04-29T12:14:47","slug":"dates","status":"publish","type":"page","link":"https:\/\/www.montmirat.fr\/index.php\/dates\/","title":{"rendered":"Dates"},"content":{"rendered":"<p>COMMUNE de MONTMIRAT<\/p>\n<p>30 260<\/p>\n<h1>CONVOCATION du CONSEIL MUNICIPAL<\/h1>\n<p><strong>__________<\/strong><\/p>\n<p><strong>Madame, Monsieur,<\/strong><strong>\u00a0<\/strong><\/p>\n<p>J\u2019ai l\u2019honneur de vous inviter \u00e0 participer \u00e0 la prochaine r\u00e9union du Conseil Municipal qui aura lieu\u00a0:<\/p>\n<p><strong>&#8211; le <u>mardi 12 mai 2026<\/u> \u00e0 18 heures 30 <\/strong>dans <strong>la salle du Conseil Municipal.<\/strong><\/p>\n<p><strong>\u00a0\u00a0\u00a0\u00a0\u00a0\u00a0\u00a0\u00a0\u00a0\u00a0\u00a0\u00a0\u00a0\u00a0\u00a0\u00a0\u00a0\u00a0\u00a0\u00a0\u00a0\u00a0\u00a0\u00a0\u00a0\u00a0\u00a0\u00a0\u00a0\u00a0\u00a0\u00a0\u00a0\u00a0 \u00a0\u00a0\u00a0\u00a0\u00a0\u00a0\u00a0\u00a0\u00a0\u00a0\u00a0\u00a0\u00a0\u00a0\u00a0\u00a0\u00a0\u00a0\u00a0\u00a0\u00a0\u00a0\u00a0\u00a0\u00a0\u00a0\u00a0\u00a0\u00a0 \u00e0 MONTMIRAT, \u00a0le 29 avril 2026<\/strong><\/p>\n<p><strong>\u00a0\u00a0\u00a0\u00a0\u00a0\u00a0\u00a0\u00a0\u00a0\u00a0\u00a0\u00a0\u00a0\u00a0\u00a0\u00a0\u00a0\u00a0\u00a0\u00a0\u00a0\u00a0\u00a0\u00a0\u00a0\u00a0\u00a0\u00a0\u00a0\u00a0\u00a0\u00a0\u00a0\u00a0 \u00a0\u00a0\u00a0\u00a0\u00a0 \u00a0\u00a0\u00a0\u00a0\u00a0\u00a0\u00a0\u00a0\u00a0\u00a0\u00a0\u00a0\u00a0\u00a0\u00a0\u00a0\u00a0\u00a0\u00a0\u00a0\u00a0\u00a0\u00a0 Gr\u00e9gory BENEZET,<\/strong><\/p>\n<p><strong>\u00a0\u00a0\u00a0\u00a0\u00a0\u00a0\u00a0\u00a0\u00a0\u00a0\u00a0\u00a0\u00a0\u00a0\u00a0\u00a0\u00a0\u00a0\u00a0\u00a0\u00a0\u00a0\u00a0\u00a0\u00a0\u00a0\u00a0\u00a0\u00a0\u00a0\u00a0\u00a0\u00a0\u00a0 \u00a0\u00a0\u00a0\u00a0\u00a0 \u00a0\u00a0\u00a0\u00a0\u00a0\u00a0\u00a0\u00a0\u00a0\u00a0\u00a0\u00a0\u00a0\u00a0\u00a0\u00a0\u00a0\u00a0\u00a0\u00a0\u00a0\u00a0\u00a0 <\/strong>Maire de MONTMIRAT<\/p>\n<p><strong>\u00a0<\/strong><\/p>\n<p><strong><em>ORDRE DU JOUR\u00a0:<\/em><\/strong><\/p>\n<ul>\n<li>Approbation du compte rendu de la s\u00e9ance pr\u00e9c\u00e9dente<\/li>\n<li>Adoption du Compte Financier Unique 2025 Budget Principal<\/li>\n<li>Adoption du Compte Financier Unique 2025 Budget M49 Assainissement<\/li>\n<li>Affectation du r\u00e9sultat 2025 Budget Principal<\/li>\n<li>Affectation du r\u00e9sultat 2025 Budget M49 Assainissement<\/li>\n<li>Adoption du BUDGET PRIMITIF &#8211; Budget Principal 2026<\/li>\n<li>Adoption du BUDGET PRIMITIF &#8211; Budget M49 Assainissement 2026<\/li>\n<li>RETRAIT des COMMUNES de COMBAS et FONTAN\u00c8S du S.I.A.E.P. du VIDOURLE<\/li>\n<li>Travaux TE-SMEG : Rue des Prades \u2013 Extension C4 depuis poste \u00ab MONTMIRAT \u00bb &#8211; Groupe Scolaire \u2013 26-072-EXT<\/li>\n<\/ul>\n<ul>\n<li>Questions diverses<\/li>\n<\/ul>\n","protected":false},"excerpt":{"rendered":"<p>COMMUNE de MONTMIRAT 30 260 CONVOCATION du CONSEIL MUNICIPAL __________ Madame, Monsieur,\u00a0 J\u2019ai l\u2019honneur de vous inviter \u00e0 participer \u00e0 la prochaine r\u00e9union du Conseil Municipal qui aura lieu\u00a0: &#8211; le mardi 12 mai 2026 \u00e0 18 heures 30 dans<span class=\"ellipsis\">&hellip;<\/span><\/p>\n<div class=\"read-more\"><a href=\"https:\/\/www.montmirat.fr\/index.php\/dates\/\">Lire la suite <span class=\"screen-reader-text\">Dates<\/span><span class=\"meta-nav\"> &#8250;<\/span><\/a><\/div>\n<p><!-- end of .read-more --><\/p>\n","protected":false},"author":1,"featured_media":0,"parent":0,"menu_order":0,"comment_status":"closed","ping_status":"closed","template":"","meta":{"_price":"","_stock":"","_tribe_ticket_header":"","_tribe_default_ticket_provider":"","_tribe_ticket_capacity":"0","_ticket_start_date":"","_ticket_end_date":"","_tribe_ticket_show_description":"","_tribe_ticket_show_not_going":false,"_tribe_ticket_use_global_stock":"","_tribe_ticket_global_stock_level":"","_global_stock_mode":"","_global_stock_cap":"","_tribe_rsvp_for_event":"","_tribe_ticket_going_count":"","_tribe_ticket_not_going_count":"","_tribe_tickets_list":"[]","_tribe_ticket_has_attendee_info_fields":false,"footnotes":"","_tec_slr_enabled":"","_tec_slr_layout":""},"class_list":["post-235","page","type-page","status-publish","hentry"],"ticketed":false,"_links":{"self":[{"href":"https:\/\/www.montmirat.fr\/index.php\/wp-json\/wp\/v2\/pages\/235","targetHints":{"allow":["GET"]}}],"collection":[{"href":"https:\/\/www.montmirat.fr\/index.php\/wp-json\/wp\/v2\/pages"}],"about":[{"href":"https:\/\/www.montmirat.fr\/index.php\/wp-json\/wp\/v2\/types\/page"}],"author":[{"embeddable":true,"href":"https:\/\/www.montmirat.fr\/index.php\/wp-json\/wp\/v2\/users\/1"}],"replies":[{"embeddable":true,"href":"https:\/\/www.montmirat.fr\/index.php\/wp-json\/wp\/v2\/comments?post=235"}],"version-history":[{"count":78,"href":"https:\/\/www.montmirat.fr\/index.php\/wp-json\/wp\/v2\/pages\/235\/revisions"}],"predecessor-version":[{"id":2305,"href":"https:\/\/www.montmirat.fr\/index.php\/wp-json\/wp\/v2\/pages\/235\/revisions\/2305"}],"wp:attachment":[{"href":"https:\/\/www.montmirat.fr\/index.php\/wp-json\/wp\/v2\/media?parent=235"}],"curies":[{"name":"wp","href":"https:\/\/api.w.org\/{rel}","templated":true}]}}

<p>COMMUNE de MONTMIRAT</p>
<p>30 260</p>
<h1>CONVOCATION du CONSEIL MUNICIPAL</h1>
<p><strong>__________</strong></p>
<p><strong>Madame, Monsieur,</strong><strong> </strong></p>
<p>J’ai l’honneur de vous inviter à participer à la prochaine réunion du Conseil Municipal qui aura lieu :</p>
<p><strong>&#8211; le <u>mardi 12 mai 2026</u> à 18 heures 30 </strong>dans <strong>la salle du Conseil Municipal.</strong></p>
<p><strong>                                                                 à MONTMIRAT,  le 29 avril 2026</strong></p>
<p><strong>                                                                 Grégory BENEZET,</strong></p>
<p><strong>                                                                 </strong>Maire de MONTMIRAT</p>
<p><strong> </strong></p>
<p><strong><em>ORDRE DU JOUR :</em></strong></p>
<ul>
<li>Approbation du compte rendu de la séance précédente</li>
<li>Adoption du Compte Financier Unique 2025 Budget Principal</li>
<li>Adoption du Compte Financier Unique 2025 Budget M49 Assainissement</li>
<li>Affectation du résultat 2025 Budget Principal</li>
<li>Affectation du résultat 2025 Budget M49 Assainissement</li>
<li>Adoption du BUDGET PRIMITIF &#8211; Budget Principal 2026</li>
<li>Adoption du BUDGET PRIMITIF &#8211; Budget M49 Assainissement 2026</li>
<li>RETRAIT des COMMUNES de COMBAS et FONTANÈS du S.I.A.E.P. du VIDOURLE</li>
<li>Travaux TE-SMEG : Rue des Prades – Extension C4 depuis poste « MONTMIRAT » &#8211; Groupe Scolaire – 26-072-EXT</li>
</ul>
<ul>
<li>Questions diverses</li>
</ul>

<p>COMMUNE de MONTMIRAT 30 260 CONVOCATION du CONSEIL MUNICIPAL __________ Madame, Monsieur,  J’ai l’honneur de vous inviter à participer à la prochaine réunion du Conseil Municipal qui aura lieu : &#8211; le mardi 12 mai 2026 à 18 heures 30 dans<span class="ellipsis">&hellip;</span></p>
<div class="read-more"><a href="https://www.montmirat.fr/index.php/dates/">Lire la suite <span class="screen-reader-text">Dates</span><span class="meta-nav"> &#8250;</span></a></div>
<p><!-- end of .read-more --></p>
