{"id":210,"date":"2017-10-17T09:44:15","date_gmt":"2017-10-17T07:44:15","guid":{"rendered":"http:\/\/www.montmirat.fr\/?page_id=210"},"modified":"2026-04-03T15:03:11","modified_gmt":"2026-04-03T13:03:11","slug":"equipe-municipale","status":"publish","type":"page","link":"https:\/\/www.montmirat.fr\/index.php\/equipe-municipale\/","title":{"rendered":"Equipe municipale 2026 &#8211; 2032"},"content":{"rendered":"<table style=\"height: 257px; width: 64.4352%;\">\n<tbody>\n<tr style=\"height: 24px;\">\n<td style=\"width: 14.7577%; height: 24px;\"><\/td>\n<td style=\"width: 61.674%; height: 24px;\">Monsieur Gr\u00e9gory BENEZET<\/td>\n<td style=\"width: 34.4817%; height: 24px;\">Maire<\/td>\n<\/tr>\n<tr style=\"height: 24px;\">\n<td style=\"width: 14.7577%; height: 24px;\"><\/td>\n<td style=\"width: 61.674%; height: 24px;\">Madame Magali BELMONTE<\/td>\n<td style=\"width: 34.4817%; height: 24px;\">1\u00e8re adjointe<\/td>\n<\/tr>\n<tr style=\"height: 24px;\">\n<td style=\"width: 14.7577%; height: 24px;\"><\/td>\n<td style=\"width: 61.674%; height: 24px;\">Monsieur Mika\u00ebl CHAPELLE<\/td>\n<td style=\"width: 34.4817%; height: 24px;\">2\u00e8me adjoint<\/td>\n<\/tr>\n<tr style=\"height: 24px;\">\n<td style=\"width: 14.7577%; height: 24px;\"><\/td>\n<td style=\"width: 61.674%; height: 24px;\">Madame Brigitte SOLER<\/td>\n<td style=\"width: 34.4817%; height: 24px;\">3\u00e8me adjointe<\/td>\n<\/tr>\n<tr style=\"height: 24px;\">\n<td style=\"width: 14.7577%; height: 24px;\"><\/td>\n<td style=\"width: 61.674%; height: 24px;\">Monsieur Juan HERRERO<\/td>\n<td style=\"width: 34.4817%; height: 24px;\">CM<\/td>\n<\/tr>\n<tr style=\"height: 24px;\">\n<td style=\"width: 14.7577%; height: 24px;\"><\/td>\n<td style=\"width: 61.674%; height: 24px;\">Monsieur Bernard ROUVIERE<\/td>\n<td style=\"width: 34.4817%; height: 24px;\">CM<\/td>\n<\/tr>\n<tr style=\"height: 24px;\">\n<td style=\"width: 14.7577%; height: 24px;\"><\/td>\n<td style=\"width: 61.674%; height: 24px;\">Madame Emilie JOIGNEAUX<\/td>\n<td style=\"width: 34.4817%; height: 24px;\">CM<\/td>\n<\/tr>\n<tr style=\"height: 24px;\">\n<td style=\"width: 14.7577%; height: 24px;\"><\/td>\n<td style=\"width: 61.674%; height: 24px;\">Monsieur Marwan SERRANO-MORGE<\/td>\n<td style=\"width: 34.4817%; height: 24px;\">CM<\/td>\n<\/tr>\n<tr style=\"height: 24px;\">\n<td style=\"width: 14.7577%; height: 31px;\"><\/td>\n<td style=\"width: 61.674%; height: 31px;\">Madame Sylvie FEUILLADE<\/td>\n<td style=\"width: 34.4817%; height: 31px;\">CM<\/td>\n<\/tr>\n<tr style=\"height: 56px;\">\n<td style=\"width: 14.7577%; height: 10px;\"><\/td>\n<td style=\"width: 61.674%; height: 10px;\">Monsieur Hugues ALORY<\/td>\n<td style=\"width: 34.4817%; height: 10px;\">CM<\/td>\n<\/tr>\n<tr style=\"height: 24px;\">\n<td style=\"width: 14.7577%; height: 24px;\"><\/td>\n<td style=\"width: 61.674%; height: 24px;\"><\/td>\n<td style=\"width: 34.4817%; height: 24px;\"><\/td>\n<\/tr>\n<\/tbody>\n<\/table>\n","protected":false},"excerpt":{"rendered":"<p>Monsieur Gr\u00e9gory BENEZET Maire Madame Magali BELMONTE 1\u00e8re adjointe Monsieur Mika\u00ebl CHAPELLE 2\u00e8me adjoint Madame Brigitte SOLER 3\u00e8me adjointe Monsieur Juan HERRERO CM Monsieur Bernard ROUVIERE CM Madame Emilie JOIGNEAUX CM Monsieur Marwan SERRANO-MORGE CM Madame Sylvie FEUILLADE CM Monsieur<span class=\"ellipsis\">&hellip;<\/span><\/p>\n<div class=\"read-more\"><a href=\"https:\/\/www.montmirat.fr\/index.php\/equipe-municipale\/\">Lire la suite <span class=\"screen-reader-text\">Equipe municipale 2026 &#8211; 2032<\/span><span class=\"meta-nav\"> &#8250;<\/span><\/a><\/div>\n<p><!-- end of .read-more --><\/p>\n","protected":false},"author":1,"featured_media":0,"parent":0,"menu_order":0,"comment_status":"closed","ping_status":"closed","template":"","meta":{"_price":"","_stock":"","_tribe_ticket_header":"","_tribe_default_ticket_provider":"","_tribe_ticket_capacity":"0","_ticket_start_date":"","_ticket_end_date":"","_tribe_ticket_show_description":"","_tribe_ticket_show_not_going":false,"_tribe_ticket_use_global_stock":"","_tribe_ticket_global_stock_level":"","_global_stock_mode":"","_global_stock_cap":"","_tribe_rsvp_for_event":"","_tribe_ticket_going_count":"","_tribe_ticket_not_going_count":"","_tribe_tickets_list":"[]","_tribe_ticket_has_attendee_info_fields":false,"footnotes":"","_tec_slr_enabled":"","_tec_slr_layout":""},"class_list":["post-210","page","type-page","status-publish","hentry"],"ticketed":false,"_links":{"self":[{"href":"https:\/\/www.montmirat.fr\/index.php\/wp-json\/wp\/v2\/pages\/210","targetHints":{"allow":["GET"]}}],"collection":[{"href":"https:\/\/www.montmirat.fr\/index.php\/wp-json\/wp\/v2\/pages"}],"about":[{"href":"https:\/\/www.montmirat.fr\/index.php\/wp-json\/wp\/v2\/types\/page"}],"author":[{"embeddable":true,"href":"https:\/\/www.montmirat.fr\/index.php\/wp-json\/wp\/v2\/users\/1"}],"replies":[{"embeddable":true,"href":"https:\/\/www.montmirat.fr\/index.php\/wp-json\/wp\/v2\/comments?post=210"}],"version-history":[{"count":14,"href":"https:\/\/www.montmirat.fr\/index.php\/wp-json\/wp\/v2\/pages\/210\/revisions"}],"predecessor-version":[{"id":2278,"href":"https:\/\/www.montmirat.fr\/index.php\/wp-json\/wp\/v2\/pages\/210\/revisions\/2278"}],"wp:attachment":[{"href":"https:\/\/www.montmirat.fr\/index.php\/wp-json\/wp\/v2\/media?parent=210"}],"curies":[{"name":"wp","href":"https:\/\/api.w.org\/{rel}","templated":true}]}}

<table style="height: 257px; width: 64.4352%;">
<tbody>
<tr style="height: 24px;">
<td style="width: 14.7577%; height: 24px;"></td>
<td style="width: 61.674%; height: 24px;">Monsieur Grégory BENEZET</td>
<td style="width: 34.4817%; height: 24px;">Maire</td>
</tr>
<tr style="height: 24px;">
<td style="width: 14.7577%; height: 24px;"></td>
<td style="width: 61.674%; height: 24px;">Madame Magali BELMONTE</td>
<td style="width: 34.4817%; height: 24px;">1ère adjointe</td>
</tr>
<tr style="height: 24px;">
<td style="width: 14.7577%; height: 24px;"></td>
<td style="width: 61.674%; height: 24px;">Monsieur Mikaël CHAPELLE</td>
<td style="width: 34.4817%; height: 24px;">2ème adjoint</td>
</tr>
<tr style="height: 24px;">
<td style="width: 14.7577%; height: 24px;"></td>
<td style="width: 61.674%; height: 24px;">Madame Brigitte SOLER</td>
<td style="width: 34.4817%; height: 24px;">3ème adjointe</td>
</tr>
<tr style="height: 24px;">
<td style="width: 14.7577%; height: 24px;"></td>
<td style="width: 61.674%; height: 24px;">Monsieur Juan HERRERO</td>
<td style="width: 34.4817%; height: 24px;">CM</td>
</tr>
<tr style="height: 24px;">
<td style="width: 14.7577%; height: 24px;"></td>
<td style="width: 61.674%; height: 24px;">Monsieur Bernard ROUVIERE</td>
<td style="width: 34.4817%; height: 24px;">CM</td>
</tr>
<tr style="height: 24px;">
<td style="width: 14.7577%; height: 24px;"></td>
<td style="width: 61.674%; height: 24px;">Madame Emilie JOIGNEAUX</td>
<td style="width: 34.4817%; height: 24px;">CM</td>
</tr>
<tr style="height: 24px;">
<td style="width: 14.7577%; height: 24px;"></td>
<td style="width: 61.674%; height: 24px;">Monsieur Marwan SERRANO-MORGE</td>
<td style="width: 34.4817%; height: 24px;">CM</td>
</tr>
<tr style="height: 24px;">
<td style="width: 14.7577%; height: 31px;"></td>
<td style="width: 61.674%; height: 31px;">Madame Sylvie FEUILLADE</td>
<td style="width: 34.4817%; height: 31px;">CM</td>
</tr>
<tr style="height: 56px;">
<td style="width: 14.7577%; height: 10px;"></td>
<td style="width: 61.674%; height: 10px;">Monsieur Hugues ALORY</td>
<td style="width: 34.4817%; height: 10px;">CM</td>
</tr>
<tr style="height: 24px;">
<td style="width: 14.7577%; height: 24px;"></td>
<td style="width: 61.674%; height: 24px;"></td>
<td style="width: 34.4817%; height: 24px;"></td>
</tr>
</tbody>
</table>

<p>Monsieur Grégory BENEZET Maire Madame Magali BELMONTE 1ère adjointe Monsieur Mikaël CHAPELLE 2ème adjoint Madame Brigitte SOLER 3ème adjointe Monsieur Juan HERRERO CM Monsieur Bernard ROUVIERE CM Madame Emilie JOIGNEAUX CM Monsieur Marwan SERRANO-MORGE CM Madame Sylvie FEUILLADE CM Monsieur<span class="ellipsis">&hellip;</span></p>
<div class="read-more"><a href="https://www.montmirat.fr/index.php/equipe-municipale/">Lire la suite <span class="screen-reader-text">Equipe municipale 2026 &#8211; 2032</span><span class="meta-nav"> &#8250;</span></a></div>
<p><!-- end of .read-more --></p>
